{"id":9670,"date":"2024-11-04T12:45:41","date_gmt":"2024-11-04T12:45:41","guid":{"rendered":"https:\/\/notejido.com\/trabajos\/mascarilla-quirurgica\/"},"modified":"2024-12-03T12:52:42","modified_gmt":"2024-12-03T12:52:42","slug":"mascarilla-quirurgica","status":"publish","type":"work","link":"https:\/\/notejido.com\/pt-pt\/trabajos\/mascarilla-quirurgica\/","title":{"rendered":"m\u00e1scara cir\u00fargica"},"content":{"rendered":"","protected":false},"featured_media":8379,"template":"","categories":[187],"class_list":["post-9670","work","type-work","status-publish","has-post-thumbnail","hentry","category-protecao-respiratoria"],"acf":[],"yoast_head":"<!-- This site is optimized with the Yoast SEO plugin v27.3 - https:\/\/yoast.com\/product\/yoast-seo-wordpress\/ -->\n<title>m\u00e1scara cir\u00fargica - Disenos NT<\/title>\n<meta name=\"description\" content=\"A m\u00e1scara cir\u00fargica \u00e9 um produto higiosanit\u00e1rio de prote\u00e7\u00e3o respirat\u00f3ria fabricado em Espanha com n\u00e3o-tecido 100% sustent\u00e1vel.\" \/>\n<meta name=\"robots\" content=\"index, follow, max-snippet:-1, max-image-preview:large, max-video-preview:-1\" \/>\n<link rel=\"canonical\" href=\"https:\/\/notejido.com\/pt-pt\/trabajos\/mascarilla-quirurgica\/\" \/>\n<meta property=\"og:locale\" content=\"pt_PT\" \/>\n<meta property=\"og:type\" content=\"article\" \/>\n<meta property=\"og:title\" content=\"m\u00e1scara cir\u00fargica - Disenos NT\" \/>\n<meta property=\"og:description\" content=\"A m\u00e1scara cir\u00fargica \u00e9 um produto higiosanit\u00e1rio de prote\u00e7\u00e3o respirat\u00f3ria fabricado em Espanha com n\u00e3o-tecido 100% sustent\u00e1vel.\" \/>\n<meta property=\"og:url\" content=\"https:\/\/notejido.com\/pt-pt\/trabajos\/mascarilla-quirurgica\/\" \/>\n<meta property=\"og:site_name\" content=\"Disenos NT\" \/>\n<meta property=\"article:modified_time\" content=\"2024-12-03T12:52:42+00:00\" \/>\n<meta property=\"og:image\" content=\"https:\/\/notejido.com\/wp-content\/uploads\/2024\/11\/MASCARILLA-QUIRURGICA.jpg\" \/>\n\t<meta property=\"og:image:width\" content=\"1200\" \/>\n\t<meta property=\"og:image:height\" content=\"800\" \/>\n\t<meta property=\"og:image:type\" content=\"image\/jpeg\" \/>\n<meta name=\"twitter:card\" content=\"summary_large_image\" \/>\n<script type=\"application\/ld+json\" class=\"yoast-schema-graph\">{\"@context\":\"https:\\\/\\\/schema.org\",\"@graph\":[{\"@type\":\"WebPage\",\"@id\":\"https:\\\/\\\/notejido.com\\\/pt-pt\\\/trabajos\\\/mascarilla-quirurgica\\\/\",\"url\":\"https:\\\/\\\/notejido.com\\\/pt-pt\\\/trabajos\\\/mascarilla-quirurgica\\\/\",\"name\":\"m\u00e1scara cir\u00fargica - Disenos NT\",\"isPartOf\":{\"@id\":\"https:\\\/\\\/notejido.com\\\/pt-pt\\\/#website\"},\"primaryImageOfPage\":{\"@id\":\"https:\\\/\\\/notejido.com\\\/pt-pt\\\/trabajos\\\/mascarilla-quirurgica\\\/#primaryimage\"},\"image\":{\"@id\":\"https:\\\/\\\/notejido.com\\\/pt-pt\\\/trabajos\\\/mascarilla-quirurgica\\\/#primaryimage\"},\"thumbnailUrl\":\"https:\\\/\\\/notejido.com\\\/wp-content\\\/uploads\\\/2024\\\/11\\\/MASCARILLA-QUIRURGICA.jpg\",\"datePublished\":\"2024-11-04T12:45:41+00:00\",\"dateModified\":\"2024-12-03T12:52:42+00:00\",\"description\":\"A m\u00e1scara cir\u00fargica \u00e9 um produto higiosanit\u00e1rio de prote\u00e7\u00e3o respirat\u00f3ria fabricado em Espanha com n\u00e3o-tecido 100% sustent\u00e1vel.\",\"breadcrumb\":{\"@id\":\"https:\\\/\\\/notejido.com\\\/pt-pt\\\/trabajos\\\/mascarilla-quirurgica\\\/#breadcrumb\"},\"inLanguage\":\"pt-PT\",\"potentialAction\":[{\"@type\":\"ReadAction\",\"target\":[\"https:\\\/\\\/notejido.com\\\/pt-pt\\\/trabajos\\\/mascarilla-quirurgica\\\/\"]}]},{\"@type\":\"ImageObject\",\"inLanguage\":\"pt-PT\",\"@id\":\"https:\\\/\\\/notejido.com\\\/pt-pt\\\/trabajos\\\/mascarilla-quirurgica\\\/#primaryimage\",\"url\":\"https:\\\/\\\/notejido.com\\\/wp-content\\\/uploads\\\/2024\\\/11\\\/MASCARILLA-QUIRURGICA.jpg\",\"contentUrl\":\"https:\\\/\\\/notejido.com\\\/wp-content\\\/uploads\\\/2024\\\/11\\\/MASCARILLA-QUIRURGICA.jpg\",\"width\":1200,\"height\":800,\"caption\":\"La Mascarilla quir\u00fargica es un producto higi\u00e9nico-sanitario para la protecci\u00f3n respiratoria\"},{\"@type\":\"BreadcrumbList\",\"@id\":\"https:\\\/\\\/notejido.com\\\/pt-pt\\\/trabajos\\\/mascarilla-quirurgica\\\/#breadcrumb\",\"itemListElement\":[{\"@type\":\"ListItem\",\"position\":1,\"name\":\"Portada\",\"item\":\"https:\\\/\\\/notejido.com\\\/pt-pt\\\/\"},{\"@type\":\"ListItem\",\"position\":2,\"name\":\"m\u00e1scara cir\u00fargica\"}]},{\"@type\":\"WebSite\",\"@id\":\"https:\\\/\\\/notejido.com\\\/pt-pt\\\/#website\",\"url\":\"https:\\\/\\\/notejido.com\\\/pt-pt\\\/\",\"name\":\"Disenos NT\",\"description\":\"Bolsas reutilizables, art\u00edculos higi\u00e9nicos-sanitarios, manteles desechables  y otro packaging promocional en material flexible\",\"potentialAction\":[{\"@type\":\"SearchAction\",\"target\":{\"@type\":\"EntryPoint\",\"urlTemplate\":\"https:\\\/\\\/notejido.com\\\/pt-pt\\\/?s={search_term_string}\"},\"query-input\":{\"@type\":\"PropertyValueSpecification\",\"valueRequired\":true,\"valueName\":\"search_term_string\"}}],\"inLanguage\":\"pt-PT\"}]}<\/script>\n<!-- \/ Yoast SEO plugin. -->","yoast_head_json":{"title":"m\u00e1scara cir\u00fargica - Disenos NT","description":"A m\u00e1scara cir\u00fargica \u00e9 um produto higiosanit\u00e1rio de prote\u00e7\u00e3o respirat\u00f3ria fabricado em Espanha com n\u00e3o-tecido 100% sustent\u00e1vel.","robots":{"index":"index","follow":"follow","max-snippet":"max-snippet:-1","max-image-preview":"max-image-preview:large","max-video-preview":"max-video-preview:-1"},"canonical":"https:\/\/notejido.com\/pt-pt\/trabajos\/mascarilla-quirurgica\/","og_locale":"pt_PT","og_type":"article","og_title":"m\u00e1scara cir\u00fargica - Disenos NT","og_description":"A m\u00e1scara cir\u00fargica \u00e9 um produto higiosanit\u00e1rio de prote\u00e7\u00e3o respirat\u00f3ria fabricado em Espanha com n\u00e3o-tecido 100% sustent\u00e1vel.","og_url":"https:\/\/notejido.com\/pt-pt\/trabajos\/mascarilla-quirurgica\/","og_site_name":"Disenos NT","article_modified_time":"2024-12-03T12:52:42+00:00","og_image":[{"width":1200,"height":800,"url":"https:\/\/notejido.com\/wp-content\/uploads\/2024\/11\/MASCARILLA-QUIRURGICA.jpg","type":"image\/jpeg"}],"twitter_card":"summary_large_image","schema":{"@context":"https:\/\/schema.org","@graph":[{"@type":"WebPage","@id":"https:\/\/notejido.com\/pt-pt\/trabajos\/mascarilla-quirurgica\/","url":"https:\/\/notejido.com\/pt-pt\/trabajos\/mascarilla-quirurgica\/","name":"m\u00e1scara cir\u00fargica - Disenos NT","isPartOf":{"@id":"https:\/\/notejido.com\/pt-pt\/#website"},"primaryImageOfPage":{"@id":"https:\/\/notejido.com\/pt-pt\/trabajos\/mascarilla-quirurgica\/#primaryimage"},"image":{"@id":"https:\/\/notejido.com\/pt-pt\/trabajos\/mascarilla-quirurgica\/#primaryimage"},"thumbnailUrl":"https:\/\/notejido.com\/wp-content\/uploads\/2024\/11\/MASCARILLA-QUIRURGICA.jpg","datePublished":"2024-11-04T12:45:41+00:00","dateModified":"2024-12-03T12:52:42+00:00","description":"A m\u00e1scara cir\u00fargica \u00e9 um produto higiosanit\u00e1rio de prote\u00e7\u00e3o respirat\u00f3ria fabricado em Espanha com n\u00e3o-tecido 100% sustent\u00e1vel.","breadcrumb":{"@id":"https:\/\/notejido.com\/pt-pt\/trabajos\/mascarilla-quirurgica\/#breadcrumb"},"inLanguage":"pt-PT","potentialAction":[{"@type":"ReadAction","target":["https:\/\/notejido.com\/pt-pt\/trabajos\/mascarilla-quirurgica\/"]}]},{"@type":"ImageObject","inLanguage":"pt-PT","@id":"https:\/\/notejido.com\/pt-pt\/trabajos\/mascarilla-quirurgica\/#primaryimage","url":"https:\/\/notejido.com\/wp-content\/uploads\/2024\/11\/MASCARILLA-QUIRURGICA.jpg","contentUrl":"https:\/\/notejido.com\/wp-content\/uploads\/2024\/11\/MASCARILLA-QUIRURGICA.jpg","width":1200,"height":800,"caption":"La Mascarilla quir\u00fargica es un producto higi\u00e9nico-sanitario para la protecci\u00f3n respiratoria"},{"@type":"BreadcrumbList","@id":"https:\/\/notejido.com\/pt-pt\/trabajos\/mascarilla-quirurgica\/#breadcrumb","itemListElement":[{"@type":"ListItem","position":1,"name":"Portada","item":"https:\/\/notejido.com\/pt-pt\/"},{"@type":"ListItem","position":2,"name":"m\u00e1scara cir\u00fargica"}]},{"@type":"WebSite","@id":"https:\/\/notejido.com\/pt-pt\/#website","url":"https:\/\/notejido.com\/pt-pt\/","name":"Disenos NT","description":"Bolsas reutilizables, art\u00edculos higi\u00e9nicos-sanitarios, manteles desechables  y otro packaging promocional en material flexible","potentialAction":[{"@type":"SearchAction","target":{"@type":"EntryPoint","urlTemplate":"https:\/\/notejido.com\/pt-pt\/?s={search_term_string}"},"query-input":{"@type":"PropertyValueSpecification","valueRequired":true,"valueName":"search_term_string"}}],"inLanguage":"pt-PT"}]}},"_links":{"self":[{"href":"https:\/\/notejido.com\/pt-pt\/wp-json\/wp\/v2\/work\/9670","targetHints":{"allow":["GET"]}}],"collection":[{"href":"https:\/\/notejido.com\/pt-pt\/wp-json\/wp\/v2\/work"}],"about":[{"href":"https:\/\/notejido.com\/pt-pt\/wp-json\/wp\/v2\/types\/work"}],"wp:featuredmedia":[{"embeddable":true,"href":"https:\/\/notejido.com\/pt-pt\/wp-json\/wp\/v2\/media\/8379"}],"wp:attachment":[{"href":"https:\/\/notejido.com\/pt-pt\/wp-json\/wp\/v2\/media?parent=9670"}],"wp:term":[{"taxonomy":"category","embeddable":true,"href":"https:\/\/notejido.com\/pt-pt\/wp-json\/wp\/v2\/categories?post=9670"}],"curies":[{"name":"wp","href":"https:\/\/api.w.org\/{rel}","templated":true}]}}

máscara cirúrgica

<!-- This site is optimized with the Yoast SEO plugin v27.3 - https://yoast.com/product/yoast-seo-wordpress/ -->
<title>máscara cirúrgica - Disenos NT</title>
<meta name="description" content="A máscara cirúrgica é um produto higiosanitário de proteção respiratória fabricado em Espanha com não-tecido 100% sustentável." />
<meta name="robots" content="index, follow, max-snippet:-1, max-image-preview:large, max-video-preview:-1" />
<link rel="canonical" href="https://notejido.com/pt-pt/trabajos/mascarilla-quirurgica/" />
<meta property="og:locale" content="pt_PT" />
<meta property="og:type" content="article" />
<meta property="og:title" content="máscara cirúrgica - Disenos NT" />
<meta property="og:description" content="A máscara cirúrgica é um produto higiosanitário de proteção respiratória fabricado em Espanha com não-tecido 100% sustentável." />
<meta property="og:url" content="https://notejido.com/pt-pt/trabajos/mascarilla-quirurgica/" />
<meta property="og:site_name" content="Disenos NT" />
<meta property="article:modified_time" content="2024-12-03T12:52:42+00:00" />
<meta property="og:image" content="https://notejido.com/wp-content/uploads/2024/11/MASCARILLA-QUIRURGICA.jpg" />
	<meta property="og:image:width" content="1200" />
	<meta property="og:image:height" content="800" />
	<meta property="og:image:type" content="image/jpeg" />
<meta name="twitter:card" content="summary_large_image" />
<script type="application/ld+json" class="yoast-schema-graph">{"@context":"https:\/\/schema.org","@graph":[{"@type":"WebPage","@id":"https:\/\/notejido.com\/pt-pt\/trabajos\/mascarilla-quirurgica\/","url":"https:\/\/notejido.com\/pt-pt\/trabajos\/mascarilla-quirurgica\/","name":"máscara cirúrgica - Disenos NT","isPartOf":{"@id":"https:\/\/notejido.com\/pt-pt\/#website"},"primaryImageOfPage":{"@id":"https:\/\/notejido.com\/pt-pt\/trabajos\/mascarilla-quirurgica\/#primaryimage"},"image":{"@id":"https:\/\/notejido.com\/pt-pt\/trabajos\/mascarilla-quirurgica\/#primaryimage"},"thumbnailUrl":"https:\/\/notejido.com\/wp-content\/uploads\/2024\/11\/MASCARILLA-QUIRURGICA.jpg","datePublished":"2024-11-04T12:45:41+00:00","dateModified":"2024-12-03T12:52:42+00:00","description":"A máscara cirúrgica é um produto higiosanitário de proteção respiratória fabricado em Espanha com não-tecido 100% sustentável.","breadcrumb":{"@id":"https:\/\/notejido.com\/pt-pt\/trabajos\/mascarilla-quirurgica\/#breadcrumb"},"inLanguage":"pt-PT","potentialAction":[{"@type":"ReadAction","target":["https:\/\/notejido.com\/pt-pt\/trabajos\/mascarilla-quirurgica\/"]}]},{"@type":"ImageObject","inLanguage":"pt-PT","@id":"https:\/\/notejido.com\/pt-pt\/trabajos\/mascarilla-quirurgica\/#primaryimage","url":"https:\/\/notejido.com\/wp-content\/uploads\/2024\/11\/MASCARILLA-QUIRURGICA.jpg","contentUrl":"https:\/\/notejido.com\/wp-content\/uploads\/2024\/11\/MASCARILLA-QUIRURGICA.jpg","width":1200,"height":800,"caption":"La Mascarilla quirúrgica es un producto higiénico-sanitario para la protección respiratoria"},{"@type":"BreadcrumbList","@id":"https:\/\/notejido.com\/pt-pt\/trabajos\/mascarilla-quirurgica\/#breadcrumb","itemListElement":[{"@type":"ListItem","position":1,"name":"Portada","item":"https:\/\/notejido.com\/pt-pt\/"},{"@type":"ListItem","position":2,"name":"máscara cirúrgica"}]},{"@type":"WebSite","@id":"https:\/\/notejido.com\/pt-pt\/#website","url":"https:\/\/notejido.com\/pt-pt\/","name":"Disenos NT","description":"Bolsas reutilizables, artículos higiénicos-sanitarios, manteles desechables  y otro packaging promocional en material flexible","potentialAction":[{"@type":"SearchAction","target":{"@type":"EntryPoint","urlTemplate":"https:\/\/notejido.com\/pt-pt\/?s={search_term_string}"},"query-input":{"@type":"PropertyValueSpecification","valueRequired":true,"valueName":"search_term_string"}}],"inLanguage":"pt-PT"}]}</script>
<!-- / Yoast SEO plugin. -->

máscara cirúrgica - Disenos NT

A máscara cirúrgica é um produto higiosanitário de proteção respiratória fabricado em Espanha com não-tecido 100% sustentável.

La Mascarilla quirúrgica es un producto higiénico-sanitario para la protección respiratoria

Bolsas reutilizables, artículos higiénicos-sanitarios, manteles desechables  y otro packaging promocional en material flexible
